se -3*j - 5*h - 280 = -4*j, 2*j - 2*h - 528 = 0. Suppose -d + j = 86. What is the units digit of d?
4
Let s = 1572 + 62. What is the units digit of s?
4
Let w be 12/(-21)*14/(-2). Suppose -5*l - 3*z = -340, 0 = w*l + 4*z - 264 - 16. What is the units digit of l?
5
Let h = 516 + -23. What is the hundreds digit of h?
4
Suppose 711 = 8*f - 5001. What is the tens digit of f?
1
Let h be (2 - -4)/(8/(-3) + 2). What is the hundreds digit of 1/(((-9)/118)/h)?
1
Let j = 1718 + -1224. What is the units digit of j?
4
Let m = -1114 - -3204. What is the thousands digit of m?
2
Suppose 4*d = -3*z + 184, 5*z + d = -3*d + 320. Suppose 0 = -2*c + 3*h + z, -36 = -c + h - 0*h. What is the tens digit of c?
4
Let b(c) = -2 + 7 + 0*c**2 + c**2 - 7*c. Let n be b(8). Suppose 8*d + 175 = n*d. What is the tens digit of d?
3
Let g(i) = 6*i + 9. Let z(p) = 10*p**2 - p + 1. Let s be z(1). Let h be (-6)/9*(-75)/s. What is the tens digit of g(h)?
3
Suppose -324 = -6*v + 24. Suppose 63*o - 830 = v*o. What is the tens digit of o?
6
Suppose 12*u + 2 = 13*u. Let p = 13 + u. What is the tens digit of p?
1
Suppose 2*j = -2*j + 132. Suppose -4*q - 3*g - j = 0, 0*q - 2*q - 15 = 3*g. Let a = q - -41. What is the tens digit of a?
3
Suppose 5*b = -q + 509, 2*q + b = q + 493. What is the hundreds digit of q?
4
Suppose 3*v - 1826 = 2*x, -v + 68 = 3*x - 526. What is the tens digit of v?
0
Suppose 0 = -3*p + 5*t + 72 + 108, -3*t = 5*p - 266. Suppose 27 = 2*k + 5*a, -p = 5*k - a - 163. What is the units digit of k?
1
Let o(g) = -8*g - 1. Let v be o(1). Let q(u) = -u**3 - 8*u**2 + 7*u + 9. What is the tens digit of q(v)?
2
Let l(p) = p**3 - p**2 - 1. Let g(n) = 4*n**3 + n**2 + 3*n + 2. Let w(v) = -g(v) + 3*l(v). What is the units digit of w(-5)?
5
Suppose p = 2*d - 4, 5*p + 2*d - 7 = 9. Suppose 7*w - 390 = p*w. What is the units digit of w?
8
Suppose 1781 = 5*s - 1219. Suppose s = 4*p - m - 3*m, -3*m - 9 = 0. What is the units digit of p?
7
Suppose 6 - 26 = -5*r. Suppose -2*n + 4 = -r. Suppose n*f + 15 = 7*f. What is the units digit of f?
5
Let u(d) = 176*d + 1. What is the tens digit of u(1)?
7
What is the units digit of (3*-373)/((-1)/(5/5))?
9
Suppose -3*t = 112 - 688. Suppose 7*i - 3*i - t = 0. What is the tens digit of i?
4
Suppose 2*i - 39 = -i. Suppose z - i = 15. What is the units digit of z?
8
Let w(i) be the first derivative of i**4/4 + 2*i**3 - i**2 + 7*i + 1. What is the units digit of w(-6)?
9
Let x be 3 - (-2)/4*2. Suppose 8 = 2*d, x*w - d + 4*d - 80 = 0. Let f(p) = p**3 - 18*p**2 + 19*p - 3. What is the units digit of f(w)?
1
Suppose 0 = 78*l - 90*l + 24888. What is the hundreds digit of l?
0
Suppose 2*w - 1401 = -5*g, -w - 145 = -3*g - 840. Let c be (-6)/(-27) - w/(-18). Let d = -16 + c. What is the tens digit of d?
2
Suppose -8*z + 13*z = -165. Let k = z + 35. What is the units digit of -10*(-6 + k)*1?
0
Let k(l) be the third derivative of l**6/720 + l**5/30 - 5*l**4/24 + 10*l**2. Let i(n) be the second derivative of k(n). What is the units digit of i(-2)?
2
Let s be (-209*(-1)/(-3))/(13/(-39)). Suppose 0 = j - s + 43. What is the tens digit of j?
6
Let w(p) = 9*p**3 - 2*p**2 - 9*p + 19. Suppose -4*o + 5 = -5*u, 0 + 20 = 5*u + o. What is the units digit of w(u)?
7
What is the tens digit of 4/6 - (-264480)/288?
1
Suppose -1437 = -x - 4*p, -14*x - 1436 = -15*x - 5*p. What is the hundreds digit of x?
4
Let z(p) = p**2 + 3*p - 5. Let n be z(-5). Suppose -3*w + 0*s - n*s = -140, 5*s - 240 = -5*w. Suppose i - 3*i = -w. What is the tens digit of i?
2
Let z(p) = 1940*p**3 + p**2 + 5*p - 5. What is the thousands digit of z(1)?
1
Let f = 27 - 48. Let x = 53 + f. Suppose w - 4*q + 4 = 0, -x = -3*w + q + 11. What is the tens digit of w?
1
Suppose 5315 = 26*v - 20217. What is the tens digit of v?
8
Let t(m) = m**2 + m + 3. Let k be t(0). Let u be ((-4)/k - -3)*3. Suppose -3*r + i + i + 16 = 0, 5*r + 3*i = -u. What is the units digit of r?
2
Suppose -36 = -0*y + 2*y. Suppose 0 = 2*r - 6*r - 5*v - 209, 3*v = -2*r - 107. Let t = y - r. What is the tens digit of t?
2
Let u = 158 + -158. Let o be (1/(-2))/((-1)/2). What is the units digit of (u/(-1))/o + 2?
2
Let h(t) = 65*t**2 - 309*t + 6. What is the tens digit of h(9)?
9
Suppose -3*b - 4*s - 4 = 0, b + b + 8 = -4*s. Suppose -9 = -k - b*l, 5*k + 5 = 5*l - 0. What is the units digit of k?
1
Let o be (-3)/(-5) + 48/(-30). Let j be (10/(-8))/(o/4). Suppose c = j*r + 2*c - 107, 0 = -3*r + c + 69. What is the units digit of r?
2
Let s be (1/2)/((-6)/(-204)). Suppose -18*r + 85 = -s*r. What is the tens digit of r?
8
Let f = 102 + -73. Let u = 370 + -382. Let k = f + u. What is the units digit of k?
7
Let n be -2 - (-1 + -17 + -2). Suppose 0 = -4*q + 258 - n. What is the units digit of q?
0
Suppose -3*l + 8*l - 285 = 0. Let x = -44 + l. What is the units digit of x?
3
Suppose 0 = -72*f + 1261 + 2267. What is the units digit of f?
9
Let u be (2 - (-168)/(-30))/((-4)/30). Suppose u = 2*y - 3*k, 0 = 2*y - 5*y + 3*k + 45. What is the units digit of y?
8
Suppose -110 = 5*c - 655. Suppose 0 = 4*k + 5*h - 191, -4*k - 4*h = -83 - c. What is the units digit of k?
9
Let y(v) = -v**3 - 3*v**2 - 2*v. Let s be y(-2). Suppose s = 10*x - 5*x. Suppose x = -a + 19 - 3. What is the units digit of a?
6
Let s(c) = -c**2 + 6*c + 1. Let q = -14 - -17. What is the units digit of s(q)?
0
Let l be 1899/5 + 2/10. Suppose 3*r = 3*c - 561, 3*c - 5*r = c + l. What is the units digit of c?
5
Let s(z) = z**2 + z + 2. Let i be s(4). Suppose -i + 18 = -m. Suppose x = 3*v - 76, -v - m*v + 3*x + 120 = 0. What is the tens digit of v?
2
Suppose -20*j + 21*j - 3*y = 440, -3*j - 4*y = -1333. What is the tens digit of j?
4
Suppose 0 = -3*p + 39*q - 41*q + 1352, -1788 = -4*p + q. What is the hundreds digit of p?
4
Let q = -22 + 22. Suppose q = 2*i + 4*i - 510. What is the units digit of i?
5
Let t be 125/((-4)/4) + 5. What is the hundreds digit of ((-90)/8)/5*t?
2
Suppose -v = -0*v. Suppose 4*z = -v*g - 3*g + 763, -2*g + 494 = -z. What is the tens digit of g/9 + (-3)/(-9)?
2
Suppose -15 = 3*t, -3*g + 355 = 5*t - 316. What is the units digit of g?
2
Let a be ((-3)/2)/(-3) - 596/8. Let i = -32 - a. What is the tens digit of i?
4
What is the units digit of 13/(-26) - (-14493)/6?
5
Let f be 13/((-65)/(-180)) - 4. Let r = f + 38. What is the units digit of r?
0
Let j = 3 - 11. Let z be (-24)/(-14) - j/28. Suppose -5*u - 4*m = -3 - 16, 0 = -4*u - z*m + 20. What is the units digit of u?
7
Suppose 24115 = 5*b + 5*k + 9195, 0 = 2*b - k - 5983. What is the units digit of b?
9
Suppose -4*o = -4*n - 476, -n - 11 = 4*o - 492. Let c be (22/8)/((-10)/o). Let h = 60 + c. What is the tens digit of h?
2
Let w(o) = -4*o. Let n be w(-1). Suppose -2*c + 4*p = 78, -3*c + 0*p = n*p + 117. Let a = -17 - c. What is the tens digit of a?
2
Let m = -3 + 3. Suppose -5*w + 10 = -0. Suppose m = w*k + 2*k - 16. What is the units digit of k?
4
Let k(u) = -3*u**3 + 12*u**2 + 21*u - 15. What is the units digit of k(-9)?
5
Suppose -5*s + 2*c = -23, -2*c = s - 0 + 5. What is the tens digit of s - (0 + -1)*108?
1
Let z(v) = -24*v + 31. What is the units digit of z(-28)?
3
Suppose -336 = 49*k - 51*k. Suppose -2*c = -3*b - k, -4*c - 3*b = -4*b - 336. What is the units digit of c?
4
Let y = -783 - -2611. What is the hundreds digit of y?
8
Suppose -h - 2*v = -257, h - 5*v - 1067 = -3*h. What is the tens digit of h?
6
Suppose 0 = 15*g - 8*g - 833. What is the units digit of g?
9
Let c(g) = -2*g**2 - 4*g. Let q be c(-3). Let p(j) = -j**3 - 2*j**2 + 7*j + 2. Let d be p(q). Suppose -y - d = -5*y. What is the tens digit of y?
2
Let s = 76 + 127. Suppose -2*q = -q - s. What is the tens digit of q?
0
What is the units digit of 2 - ((-2298)/9)/(1/12)?
6
Suppose 9*d - 11*d = -1658. What is the hundreds digit of d?
8
Let f = 4772 + -3151. What is the thousands digit of f?
1
Let m(a) = 284*a**2 + 41*a + 109. What is the units digit of m(-3)?
2
Suppose -4*n = 3*g - 2*g - 9190, -3*n = -3*g - 6885. What is the thousands digit of n?
2
Suppose -3*y = -2*r - 0*r + 135, 4*r + 117 = -3*y. Let u = y - -68. Suppose 29*w - u*w = 44. What is the tens digit of w?
1
Suppose 2*q = -5*c + 5071, -q - 3*c = 2*q - 7602. What is the units digit of q?
3
Let i(w) = 4*w**3 + 5*w**2 - 3*w + 4. Let v(d) = -4*d**3 - 4*d**2 + 2*d - 5. Let z(k) = 5*i(k) + 6*v(k